?
True
Is 754325256 a multiple of 318?
True
Is 1453698478 a multiple of 3922?
False
Does 12 divide 187087944?
True
Does 1193 divide 715726034?
True
Is 44444572 a multiple of 19?
True
Is 633 a factor of 1100799660?
True
Is 25 a factor of 25479889?
False
Is 7 a factor of 2156266?
True
Does 609 divide 100653814?
False
Is 10263408 a multiple of 59?
False
Is 23 a factor of 32304144?
True
Is 35141375 a multiple of 553?
False
Is 33345280 a multiple of 39?
False
Is 45073135 a multiple of 17?
False
Is 1443329 a multiple of 96?
False
Is 43699425 a multiple of 1645?
True
Is 12 a factor of 9867243?
False
Does 26 divide 122410784?
False
Is 3987129310 a multiple of 10?
True
Is 411131769 a multiple of 275?
False
Is 1817363592 a multiple of 744?
True
Is 156037176 a multiple of 6?
True
Does 1428 divide 459011650?
False
Does 383 divide 16605348?
True
Is 652069136 a multiple of 381?
False
Is 40 a factor of 629618400?
True
Is 4707413 a multiple of 9?
False
Is 2 a factor of 250327448?
True
Is 14 a factor of 120581272?
True
Is 5079 a factor of 955354821?
True
Is 57749817 a multiple of 3?
True
Is 123 a factor of 11976718?
False
Is 150 a factor of 57763350?
True
Is 2163 a factor of 90876193?
False
Does 78 divide 18712202?
False
Is 390 a factor of 70757310?
True
Is 149 a factor of 746906377?
False
Is 3285608606 a multiple of 7?
True
Does 12 divide 22765980?
True
Is 270340891 a multiple of 26?
False
Does 20 divide 1012639260?
True
Is 769 a factor of 64234366?
False
Is 1206 a factor of 21844278?
True
Does 2470 divide 987578015?
False
Does 3 divide 1465180?
False
Is 383 a factor of 4518632?
False
Is 45 a factor of 59724945?
True
Is 59 a factor of 78623064?
False
Does 625 divide 220219725?
False
Is 64470042 a multiple of 42?
True
Does 50 divide 973915515?
False
Does 40 divide 3680023803?
False
Is 1481263257 a multiple of 13?
False
Does 92 divide 133320512?
True
Is 10935888 a multiple of 2192?
True
Does 50 divide 72744593?
False
Does 967 divide 48886685?
True
Does 24 divide 3389563?
False
Is 514129242 a multiple of 13?
False
Does 367 divide 13904529?
True
Is 374168325 a multiple of 223?
False
Does 7 divide 39003744?
False
Does 154 divide 600982847?
False
Is 12 a factor of 1806195?
False
Is 5447727 a multiple of 219?
False
Is 546 a factor of 1664393149?
False
Is 4075 a factor of 2590909450?
True
Is 47574906 a multiple of 170?
False
Is 172 a factor of 9083664?
True
Is 117485482 a multiple of 26?
False
Is 2541 a factor of 228837378?
True
Does 36 divide 42512036?
False
Is 119012348 a multiple of 5642?
True
Is 26783523 a multiple of 117?
True
Is 4181513 a multiple of 49?
True
Is 13658626 a multiple of 5?
False
Does 130 divide 15561314?
False
Is 47224391 a multiple of 41?
False
Is 565 a factor of 32884154?
False
Is 471 a factor of 144084081?
True
Is 15090257 a multiple of 13?
True
Is 2901 a factor of 382992921?
True
Is 115753280 a multiple of 158?
False
Is 7599948 a multiple of 222?
True
Is 60458626 a multiple of 39?
False
Does 611 divide 276852142?
False
Does 11 divide 28354953?
True
Is 260 a factor of 19308120?
True
Does 1512 divide 24204096?
True
Is 8591273 a multiple of 17?
True
Is 211549973 a multiple of 1941?
False
Is 934115168 a multiple of 7?
True
Is 1680 a factor of 5273068?
False
Is 38 a factor of 51689500?
True
Is 13 a factor of 114288832?
False
Does 17 divide 60339134?
False
Is 1041 a factor of 627336116?
False
Is 69234131 a multiple of 250?
False
Does 4321 divide 557092925?
False
Does 230 divide 32450700?
True
Does 94 divide 30149466?
True
Does 15 divide 4203485205?
True
Does 19 divide 3493576044?
False
Does 27 divide 1778852673?
False
Does 1371 divide 456411384?
True
Does 93 divide 2132211?
True
Does 27 divide 5907788?
False
Is 59 a factor of 6161517?
False
Is 34 a factor of 209404300?
True
Does 10 divide 407858160?
True
Does 15 divide 11351116?
False
Is 31 a factor of 212840730?
True
Is 77701184 a multiple of 88?
True
Does 8 divide 20523081?
False
Is 256995106 a multiple of 14?
False
Does 10755 divide 757162755?
True
Is 7 a factor of 4653885?
False
Is 52 a factor of 13694318?
False
Does 237 divide 1511837694?
True
Is 74384024 a multiple of 1274?
False
Does 223 divide 433227898?
True
Does 269 divide 61713711?
True
Does 9 divide 13142610?
True
Is 49 a factor of 31610279?
False
Does 3808 divide 171454914?
False
Is 225123536 a multiple of 22?
True
Is 3992642 a multiple of 360?
False
Does 8 divide 19425457?
False
Is 547 a factor of 8370194?
True
Does 1883 divide 54098242?
False
Is 19 a factor of 6647777?
True
Is 92276996 a multiple of 14?
True
Is 1159192999 a multiple of 5100?
False
Is 336 a factor of 3313960272?
True
Is 56406013 a multiple of 6?
False
Does 38 divide 2399033708?
True
Does 266 divide 69677972?
False
Is 1600348470 a multiple of 65?
False
Does 49 divide 3788324963?
False
Does 6602 divide 2334500066?
False
Does 3218 divide 30121869?
False
Is 527824 a multiple of 16?
True
Is 1532428214 a multiple of 122?
True
Is 4796622843 a multiple of 17?
False
Is 3008 a factor of 4168281856?
True
Does 3294 divide 1477874754?
False
Does 145 divide 285701561?
False
Is 48487791 a multiple of 144?
False
Is 34 a factor of 497297192?
True
Is 67463709 a multiple of 286?
False
Does 5422 divide 3350812266?
True
Is 10 a factor of 21385420?
True
Is 23932752 a multiple of 8?
True
Does 355 divide 12621056?
False
Is 17508 a factor of 1775611499?
False
Does 14 divide 128333128?
True
Does 205 divide 393190?
True
Does 72 divide 114847992?
True
Is 17 a factor of 91710896?
False
Is 3316 a factor of 125961162?
False
Is 6 a factor of 108317769?
False
Does 145 divide 130278993?
False
Is 10 a factor of 83678560?
True
Does 273 divide 1781598?
True
Does 1446 divide 37690920?
False
Does 13 divide 229068723?
True
Is 16 a factor of 69972400?
True
Does 916 divide 955946993?
False
Does 2026 divide 381155270?
False
Is 1545047 a multiple of 122?
False
Is 17095724 a multiple of 1844?
True
Is 32024993 even?
False
Is 7983 a factor of 513864795?
False
Does 12 divide 482149192?
False
Does 2372 divide 427977588?
True
Is 1230535 a multiple of 74?
False
Is 2820198375 a multiple of 12?
False
Is 10418685 a multiple of 435?
True
Does 536 divide 91852991?
False
Is 79 a factor of 50666176?
True
Does 6 divide 1090376322?
True
Is 402757219 a multiple of 6?
False
Is 20258832 a multiple of 2052?
False
Is 680196860 a multiple of 14?
True
Does 58 divide 85069876?
True
Does 16 divide 49789610?
False
Is 4891 a factor of 3123627368?
True
Is 977636504 a multiple of 4324?
False
Is 21 a factor of 660992136?
True
Is 650795829 a multiple of 17?
False
Is 16 a factor of 496822192?
True
Is 170468047 a multiple of 446?
False
Is 28651470 a multiple of 71?
False
Is 18773578 a multiple of 37?
True
Is 18716949 a multiple of 1207?
True
Does 8 divide 48452777?
False
Does 189 divide 145368051?
False
Is 3 a factor of 258891755?
False
Is 7050 a factor of 572044050?
True
Does 33 divide 31402766?
False
Is 19 a factor of 388198861?
True
Is 646 a factor of 151164846?
False
Does 40 divide 1171454927?
False
Is 5561473941 a multiple of 14590?
False
Is 1541 a factor of 277381138?
False
Is 680283760 a multiple of 520?
True
Does 10 divide 41478567?
False
Does 576 divide 679093632?
True
Does 306 divide 7527919?
False
Is 85 a factor of 666062838?
False
Is 17491864 a multiple of 1524?
False
Is 27350314 a multiple of 194?
True
Is 4899654 a multiple of 15?
False
Is 35 a factor of 13631485?
True
Is 24 a factor of 782862048?
True
Does 155 divide 2824862755?
True
Does 132 divide 917492034?
False
Is 23 a factor of 28584852?
False
Does 96 divide 96951360?
True
Does 337 divide 45196383?
False
Is 134418944 a multiple of 704?
True
Is 38277886 a multiple of 568?
False
Is 262 a factor of 876091844?
True
Does 60 divide 440859465?
False
Does 11 divide 31658352?
True
Does 8 divide 23005513?
False
Is 632 a factor of 29038604?
False
Does 5 divide 753915180?
True
Is 11 a factor of 927987281?
False
Is 5404 a factor of 97204718?
False
Does 1259 divide 195382951?
True
Is 14514323 a multiple of 57?
False
Is 18 a factor of 25536582?
True
Is 56732453 a multiple of 59?
True
Is 47637702 a multiple of 126?
True
Is 2017 a factor of 97620783?
True
Is 43 a factor of 90449468?
True
Is 720 a factor of 65251440?
True
Does 7 divide 36598093?
True
Is 25 a factor of 1146882675?
True
I